 88920 a multiple of 45?
True
Does 694 divide 1433110?
True
Is 329 a factor of 182159?
False
Is 1095828 a multiple of 42?
False
Is 2691054 a multiple of 74?
False
Is 236 a factor of 2086309?
False
Does 39 divide 24960?
True
Does 8 divide 229637?
False
Does 58 divide 86768?
True
Is 3 a factor of 31508?
False
Is 181 a factor of 37829?
True
Is 309 a factor of 1656479?
False
Is 40 a factor of 1319122?
False
Is 4910533 a multiple of 131?
False
Does 4 divide 73692?
True
Is 37 a factor of 426052?
False
Is 372805 a multiple of 8?
False
Does 47 divide 102225?
True
Does 30 divide 228428?
False
Is 108 a factor of 864540?
True
Does 35 divide 1181250?
True
Is 1330630 a multiple of 149?
False
Is 11 a factor of 24398049?
False
Is 6702320 a multiple of 796?
True
Is 354024 a multiple of 447?
True
Is 9 a factor of 837279?
True
Does 10 divide 1067057?
False
Is 2 a factor of 1873?
False
Does 9 divide 3594816?
True
Is 18 a factor of 27890?
False
Is 14 a factor of 877366?
True
Is 11 a factor of 42329?
False
Is 12851700 a multiple of 60?
True
Is 1018 a factor of 18104112?
True
Is 14914 a multiple of 81?
False
Is 151 a factor of 992523?
True
Is 14 a factor of 50806?
True
Is 13 a factor of 906919?
True
Is 6277950 a multiple of 50?
True
Does 73 divide 1130292?
False
Is 3777732 a multiple of 84?
True
Is 8 a factor of 173376?
True
Is 14532 a multiple of 14?
True
Does 9 divide 1906219?
False
Does 78 divide 6216581?
False
Does 264 divide 2127576?
True
Does 180 divide 72900?
True
Is 74372 a multiple of 17?
False
Does 80 divide 2740113?
False
Does 406 divide 188163?
False
Is 165 a factor of 379170?
True
Is 17 a factor of 81997?
False
Is 312 a factor of 4514952?
True
Is 12442942 a multiple of 64?
False
Is 505985 a multiple of 259?
False
Is 67 a factor of 779545?
True
Is 99443 a multiple of 359?
True
Does 99 divide 1806453?
True
Is 86 a factor of 4816235?
False
Is 12 a factor of 1001412?
True
Is 14583 a multiple of 3?
True
Is 42 a factor of 17640?
True
Is 590 a factor of 3515810?
True
Does 24 divide 311630?
False
Is 343 a factor of 547215?
False
Is 18 a factor of 79236?
True
Is 7524997 a multiple of 37?
False
Is 79 a factor of 2860037?
True
Is 3394328 a multiple of 111?
False
Is 814 a factor of 61050?
True
Does 310 divide 756400?
True
Does 327 divide 1031199?
False
Does 492 divide 780938?
False
Is 46 a factor of 2900?
False
Is 15 a factor of 1000884?
False
Does 119 divide 344542?
False
Does 9 divide 965949?
False
Is 78 a factor of 1276165?
False
Does 134 divide 1211374?
False
Is 37990 a multiple of 10?
True
Is 1130 a factor of 993270?
True
Does 176 divide 4173644?
False
Is 59 a factor of 1313281?
True
Is 71712 a multiple of 48?
True
Is 3 a factor of 148647?
True
Is 246 a factor of 3189498?
False
Is 542 a factor of 1461589?
False
Does 48 divide 1071806?
False
Is 10 a factor of 56175?
False
Does 30 divide 634050?
True
Is 28604550 a multiple of 39?
True
Is 24 a factor of 165384?
True
Does 96 divide 156672?
True
Does 81 divide 737586?
True
Does 68 divide 46308?
True
Is 34695 a multiple of 28?
False
Is 9 a factor of 128552?
False
Is 15 a factor of 238320?
True
Does 95 divide 1596211?
False
Is 7 a factor of 7785011?
False
Does 41 divide 10333599?
True
Is 212612 a multiple of 4?
True
Does 12 divide 393231?
False
Is 33 a factor of 3824289?
False
Is 206592 a multiple of 236?
False
Does 10 divide 3555750?
True
Is 138028 a multiple of 146?
False
Is 91 a factor of 34762?
True
Is 230 a factor of 352130?
True
Is 105414 a multiple of 19?
False
Does 9 divide 2203569?
True
Is 528 a factor of 6437040?
False
Is 44 a factor of 55505?
False
Is 243790 a multiple of 124?
False
Is 499 a factor of 668161?
True
Is 975 a factor of 2833907?
False
Is 337 a factor of 187709?
True
Does 63 divide 10721592?
True
Is 136 a factor of 125392?
True
Is 3228583 a multiple of 71?
True
Does 20 divide 766586?
False
Is 41420 a multiple of 38?
True
Is 3889530 a multiple of 32?
False
Is 5596 a multiple of 3?
False
Is 232 a factor of 132936?
True
Is 114759 a multiple of 13?
False
Is 2923 a multiple of 98?
False
Is 236912 a multiple of 536?
True
Does 27 divide 1019358?
True
Does 9 divide 4805748?
True
Does 27 divide 106560?
False
Is 20893900 a multiple of 19?
False
Is 10 a factor of 901890?
True
Does 242 divide 83248?
True
Is 419 a factor of 1892623?
True
Is 105909 a multiple of 35?
False
Is 504048 a multiple of 48?
True
Does 462 divide 2874564?
True
Is 112172 a multiple of 221?
False
Is 1604265 a multiple of 43?
False
Does 8 divide 28848?
True
Does 2152 divide 21825983?
False
Does 100 divide 194884?
False
Is 159324 a multiple of 204?
True
Does 21 divide 21497671?
False
Is 11 a factor of 51519?
False
Is 146 a factor of 95484?
True
Is 7616 a multiple of 95?
False
Is 120 a factor of 777240?
True
Does 100 divide 214100?
True
Is 7 a factor of 5070296?
True
Is 2063280 a multiple of 80?
True
Is 4026697 a multiple of 21?
False
Is 66924 a multiple of 44?
True
Is 166 a factor of 565230?
True
Does 131 divide 252074?
False
Is 541481 a multiple of 430?
False
Does 218 divide 532071?
False
Is 1895079 even?
False
Is 37 a factor of 664335?
True
Does 4 divide 52948?
True
Is 541786 a multiple of 70?
False
Does 45 divide 3894120?
True
Is 1184 a factor of 1258592?
True
Is 52 a factor of 115602?
False
Does 83 divide 1869492?
True
Is 418 a factor of 3545767?
False
Is 243 a factor of 650098?
False
Is 74 a factor of 3843452?
False
Is 27160633 a multiple of 431?
False
Does 9 divide 129537?
True
Is 13 a factor of 470543?
False
Is 9205785 a multiple of 555?
True
Is 893706 a multiple of 22?
True
Is 137 a factor of 112173?
False
Is 1625 a factor of 26083407?
False
Is 28 a factor of 40037340?
True
Does 678 divide 337877?
False
Is 260873 a multiple of 6?
False
Does 2 divide 24593?
False
Is 1030 a factor of 12357940?
True
Does 62 divide 567176?
True
Does 143 divide 281319?
False
Is 116 a factor of 5516501?
False
Is 11 a factor of 114871?
False
Does 82 divide 148594?
False
Is 309696 a multiple of 56?
False
Does 452 divide 16968?
False
Is 8 a factor of 4760?
True
Is 11 a factor of 9425471?
True
Is 42 a factor of 62958?
True
Does 32 divide 204305?
False
Is 90285 a multiple of 109?
False
Is 2110899 a multiple of 27?
False
Is 59199 a multiple of 11?
False
Is 78 a factor of 1614376?
False
Does 103 divide 4429?
True
Is 338 a factor of 40222?
True
Does 23 divide 5025?
False
Is 3318757 a multiple of 42?
False
Is 10 a factor of 309350?
True
Does 22 divide 48686?
True
Is 917334 a multiple of 369?
True
Does 163 divide 1165776?
True
Does 14 divide 8846387?
False
Is 52 a factor of 1027104?
True
Is 3427158 a multiple of 147?
True
Is 40077 a multiple of 219?
True
Is 488296 a multiple of 134?
True
Does 151 divide 831104?
True
Is 151 a factor of 2284821?
False
Does 41 divide 8409879?
True
Does 5 divide 14936?
False
Does 34 divide 26010?
True
Is 586448 a multiple of 11?
False
Is 89 a factor of 57138?
True
Is 68922 a multiple of 42?
True
Is 97 a factor of 96903?
True
Is 8 a factor of 1595169?
False
Is 29489 a multiple of 205?
False
Does 260 divide 148666?
False
Is 3203508 a multiple of 132?
True
Is 486028 a multiple of 947?
False
Does 1526 divide 1474012?
False
Does 12 divide 50784?
True
Does 41 divide 136257?
False
Is 117875 a multiple of 41?
True
Is 24 a factor of 428041?
False
Is 32053 a multiple of 5?
False
Is 820 a factor of 1994991?
False
Does 304 divide 855760?
True
Is 377922 a multiple of 349?
False
Is 8837064 a multiple of 350?
False
Does 606 divide 743562?
True
Does 37 divide 2481367?
False
Is 41912 a multiple of 116?
False
Does 35 divide 33320?
True
Is 45 a factor of 3412?
False
Is 16 a factor of 797648?
True
Does 46 divide 557290?
True
Is 28524 a multiple of 12?
True
Is 285109 a multiple of 11?
True
Is 56 a factor of 157969?
False
Is 605581 a multiple of 193?
False
Is 27 a factor of 1382400?
True
Does 868 divide 2676912?
True
Does 122 divide 16109?
False
Is 571 a factor of 3536937?
False
Is 7798 a multiple of 25?
False
Is 311841 a multiple of 9?
True
Is 214909 a multiple of 19?
True
Is 1353 a factor of 7090181?
False
Does 22 divide 239426?
True
Is 14897 a multiple of 4?
False
Is 691820 a multiple of 629?
False
Is 43974 a multiple of 42?
True
Is 44 a factor of 1702096?
True
Is 25 a factor of 14143150?
True
Is 36 a factor of 693853?
False
Is 3903594 a multiple